{"id":3538,"date":"2022-11-12T19:53:00","date_gmt":"2022-11-12T19:53:00","guid":{"rendered":"https:\/\/esprit-sociologie.org\/?page_id=3538"},"modified":"2026-03-21T14:03:03","modified_gmt":"2026-03-21T14:03:03","slug":"lautrice","status":"publish","type":"page","link":"https:\/\/esprit-sociologie.org\/?page_id=3538","title":{"rendered":"L&rsquo;autrice"},"content":{"rendered":"\n<p><\/p>\n\n\n\n<div class=\"wp-block-uagb-container uagb-block-809015d7 alignfull uagb-is-root-container\"><div class=\"uagb-container-inner-blocks-wrap\">\n<div class=\"wp-block-uagb-container uagb-block-0d0d9a59\">\n<figure class=\"wp-block-image size-large is-resized\"><img loading=\"lazy\" decoding=\"async\" width=\"683\" height=\"1024\" src=\"https:\/\/esprit-sociologie.org\/wp-content\/uploads\/2022\/11\/Photo-page-autrice-NB-683x1024.jpg\" alt=\"\" class=\"wp-image-3540\" style=\"width:186px;height:278px\" srcset=\"https:\/\/esprit-sociologie.org\/wp-content\/uploads\/2022\/11\/Photo-page-autrice-NB-683x1024.jpg 683w, https:\/\/esprit-sociologie.org\/wp-content\/uploads\/2022\/11\/Photo-page-autrice-NB-200x300.jpg 200w, https:\/\/esprit-sociologie.org\/wp-content\/uploads\/2022\/11\/Photo-page-autrice-NB-768x1151.jpg 768w, https:\/\/esprit-sociologie.org\/wp-content\/uploads\/2022\/11\/Photo-page-autrice-NB-1025x1536.jpg 1025w, https:\/\/esprit-sociologie.org\/wp-content\/uploads\/2022\/11\/Photo-page-autrice-NB-77x116.jpg 77w, https:\/\/esprit-sociologie.org\/wp-content\/uploads\/2022\/11\/Photo-page-autrice-NB.jpg 1080w\" sizes=\"auto, (max-width: 683px) 100vw, 683px\" \/><\/figure>\n<\/div>\n\n\n\n<div class=\"wp-block-uagb-container uagb-block-8281a4ef\">\n<p>Tania Angeloff, je suis sociologue au croisement du genre, du travail et de l&rsquo;environnement. J&rsquo;ai aussi travaill\u00e9 de nombreuses ann\u00e9es sur la soci\u00e9t\u00e9 chinoise contemporaine.<br>Docteure en sociologie, je suis habilit\u00e9e \u00e0 diriger des th\u00e8ses (HDR), dipl\u00f4m\u00e9e de Sciences-Po Paris et de l&rsquo;Institut des langues orientales. Je suis actuellement Professeure de sociologie \u00e0 l&rsquo;Universit\u00e9 Paris 1-Panth\u00e9on Sorbonne (\u00e0 l&rsquo;Institut de d\u00e9veloppement de la Sorbonne), chercheure dans l&rsquo;UMR \u00ab\u00a0D\u00e9veloppement et soci\u00e9t\u00e9s\u00a0\u00bb (Unit\u00e9 mixte de recherche Paris 1-IRD) et chercheure associ\u00e9e au Centre Maurice Halbwachs (ENS-EHESS) o\u00f9 j&rsquo;ai \u00e9t\u00e9 en d\u00e9l\u00e9gation CNRS en 2024-2025. Mes th\u00e8mes de recherche ont longtemps port\u00e9 sur le genre et le march\u00e9 du travail, en France, en Europe et dans le monde chinois ainsi que sur les questions de genre dans le d\u00e9veloppement. Je fais partie du r\u00e9seau March\u00e9 du travail et genre (MAGE) depuis 1995 et suis membre du comit\u00e9 de r\u00e9daction de la revue <em>Travail, genre et soci\u00e9t\u00e9s <\/em>depuis 2001.<\/p>\n<\/div>\n<\/div><\/div>\n\n\n\n<hr class=\"wp-block-separator has-alpha-channel-opacity\"\/>\n\n\n\n<div class=\"wp-block-uagb-container uagb-block-18e33229 alignfull uagb-is-root-container\"><div class=\"uagb-container-inner-blocks-wrap\">\n<div class=\"wp-block-uagb-container uagb-block-d54fdd4c\">\n<p><\/p>\n\n\n\n<figure class=\"wp-block-image size-large\"><img loading=\"lazy\" decoding=\"async\" width=\"768\" height=\"1024\" src=\"https:\/\/esprit-sociologie.org\/wp-content\/uploads\/2024\/11\/IMG_20241019_161511-sepia-verticale-768x1024.jpg\" alt=\"\" class=\"wp-image-3639\" srcset=\"https:\/\/esprit-sociologie.org\/wp-content\/uploads\/2024\/11\/IMG_20241019_161511-sepia-verticale-768x1024.jpg 768w, https:\/\/esprit-sociologie.org\/wp-content\/uploads\/2024\/11\/IMG_20241019_161511-sepia-verticale-225x300.jpg 225w, https:\/\/esprit-sociologie.org\/wp-content\/uploads\/2024\/11\/IMG_20241019_161511-sepia-verticale-1152x1536.jpg 1152w, https:\/\/esprit-sociologie.org\/wp-content\/uploads\/2024\/11\/IMG_20241019_161511-sepia-verticale-1536x2048.jpg 1536w, https:\/\/esprit-sociologie.org\/wp-content\/uploads\/2024\/11\/IMG_20241019_161511-sepia-verticale-87x116.jpg 87w, https:\/\/esprit-sociologie.org\/wp-content\/uploads\/2024\/11\/IMG_20241019_161511-sepia-verticale-scaled.jpg 1920w\" sizes=\"auto, (max-width: 768px) 100vw, 768px\" \/><\/figure>\n\n\n\n<p class=\"has-text-align-center\"><sup>Jardin des M\u00e9tamorphOzes <br><sub>cr\u00e9dit photo Tania Angeloff 2024<\/sub><\/sup><\/p>\n<\/div>\n\n\n\n<div class=\"wp-block-uagb-container uagb-block-014a6c14\">\n<p>Je me suis tourn\u00e9e r\u00e9cemment vers un nouvel objet de recherche, au croisement d&rsquo;une socio-anthropologie du genre, du travail et du <em>care <\/em>environnemental. \u00c0 partir de l&rsquo;\u00e9tude du travail des chercheurs et des jardiniers et horticulteurs dans des jardins botaniques d&rsquo;Europe, du Costa Rica et d&rsquo;Asie du Sud-Est, j&rsquo;analyse les d\u00e9placements des in\u00e9galit\u00e9s territoriales, les nouvelles opportunit\u00e9s li\u00e9es aux politiques de transition environnementales dans un contexte de changement climatique acc\u00e9l\u00e9r\u00e9. Ma recherche concerne la <em>production<\/em> du jardin du point de vue des concepteurs, des jardiniers, de leurs clients (\u00e9lites locales et internationales) et sa <em>r\u00e9ception<\/em> par les visiteurs. Il s&rsquo;agit d&rsquo;une enqu\u00eate qualitative qui mobilise les outils de l&rsquo;anthropologie visuelle dans une perspective comparative sur trois continents (Europe, Asie, Am\u00e9rique latine).<\/p>\n\n\n\n<p><\/p>\n<\/div>\n<\/div><\/div>\n\n\n\n<hr class=\"wp-block-separator has-alpha-channel-opacity\"\/>\n\n\n\n<div class=\"wp-block-media-text is-stacked-on-mobile\"><figure class=\"wp-block-media-text__media\"><img loading=\"lazy\" decoding=\"async\" width=\"690\" height=\"1024\" src=\"https:\/\/esprit-sociologie.org\/wp-content\/uploads\/2026\/03\/Tania-dans-les-arbres-690x1024.jpeg\" alt=\"\" class=\"wp-image-3728 size-full\" srcset=\"https:\/\/esprit-sociologie.org\/wp-content\/uploads\/2026\/03\/Tania-dans-les-arbres-690x1024.jpeg 690w, https:\/\/esprit-sociologie.org\/wp-content\/uploads\/2026\/03\/Tania-dans-les-arbres-202x300.jpeg 202w, https:\/\/esprit-sociologie.org\/wp-content\/uploads\/2026\/03\/Tania-dans-les-arbres-768x1140.jpeg 768w, https:\/\/esprit-sociologie.org\/wp-content\/uploads\/2026\/03\/Tania-dans-les-arbres-78x116.jpeg 78w, https:\/\/esprit-sociologie.org\/wp-content\/uploads\/2026\/03\/Tania-dans-les-arbres.jpeg 864w\" sizes=\"auto, (max-width: 690px) 100vw, 690px\" \/><\/figure><div class=\"wp-block-media-text__content\">\n<p>Par ailleurs, en 2026, je d\u00e9bute un projet collectif ANRS (pilot\u00e9 par l&rsquo;Universit\u00e9 de Chiang Mai et de Cergy) intitul\u00e9 CHEZAP-SEA qui porte sur le Co-d\u00e9veloppement d&rsquo;approches sensibles au patrimoine pour la pr\u00e9vention de l&rsquo;\u00e9mergence de zoonoses en Asie du Sud-Est. Ce projet vise \u00e0 explorer l&rsquo;int\u00e9gration du patrimoine ordinaire environnemental dans les strat\u00e9gies One Health pour la pr\u00e9vention des infections respiratoires zoonotiques, au Laos et en Tha\u00eflande.<\/p>\n<\/div><\/div>\n","protected":false},"excerpt":{"rendered":"<p>Tania Angeloff, je suis sociologue au croisement du genre, du travail et de l&rsquo;environnement. J&rsquo;ai aussi travaill\u00e9 de nombreuses ann\u00e9es sur la soci\u00e9t\u00e9 chinoise contemporaine.Docteure en sociologie, je suis habilit\u00e9e \u00e0 diriger des th\u00e8ses (HDR), dipl\u00f4m\u00e9e de Sciences-Po Paris et de l&rsquo;Institut des langues orientales. Je suis actuellement Professeure de sociologie \u00e0 l&rsquo;Universit\u00e9 Paris 1-Panth\u00e9on Sorbonne (\u00e0 l&rsquo;Institut de d\u00e9veloppement de la Sorbonne), chercheure dans l&rsquo;UMR \u00ab\u00a0D\u00e9veloppement et soci\u00e9t\u00e9s\u00a0\u00bb (Unit\u00e9 mixte de recherche Paris 1-IRD) et chercheure associ\u00e9e au Centre&hellip;<\/p>\n","protected":false},"author":2,"featured_media":0,"parent":0,"menu_order":0,"comment_status":"closed","ping_status":"closed","template":"","meta":{"om_disable_all_campaigns":false,"_uag_custom_page_level_css":"","_monsterinsights_skip_tracking":false,"_monsterinsights_sitenote_active":false,"_monsterinsights_sitenote_note":"","_monsterinsights_sitenote_category":0,"footnotes":""},"class_list":["post-3538","page","type-page","status-publish","hentry"],"aioseo_notices":[],"uagb_featured_image_src":{"full":false,"thumbnail":false,"medium":false,"medium_large":false,"large":false,"1536x1536":false,"2048x2048":false,"portfolio":false,"form-edit-image-preview":false},"uagb_author_info":{"display_name":"Tania Angeloff","author_link":"https:\/\/esprit-sociologie.org\/?author=2"},"uagb_comment_info":0,"uagb_excerpt":"Tania Angeloff, je suis sociologue au croisement du genre, du travail et de l&rsquo;environnement. J&rsquo;ai aussi travaill\u00e9 de nombreuses ann\u00e9es sur la soci\u00e9t\u00e9 chinoise contemporaine.Docteure en sociologie, je suis habilit\u00e9e \u00e0 diriger des th\u00e8ses (HDR), dipl\u00f4m\u00e9e de Sciences-Po Paris et de l&rsquo;Institut des langues orientales. Je suis actuellement Professeure de sociologie \u00e0 l&rsquo;Universit\u00e9 Paris 1-Panth\u00e9on\u2026","_links":{"self":[{"href":"https:\/\/esprit-sociologie.org\/index.php?rest_route=\/wp\/v2\/pages\/3538","targetHints":{"allow":["GET"]}}],"collection":[{"href":"https:\/\/esprit-sociologie.org\/index.php?rest_route=\/wp\/v2\/pages"}],"about":[{"href":"https:\/\/esprit-sociologie.org\/index.php?rest_route=\/wp\/v2\/types\/page"}],"author":[{"embeddable":true,"href":"https:\/\/esprit-sociologie.org\/index.php?rest_route=\/wp\/v2\/users\/2"}],"replies":[{"embeddable":true,"href":"https:\/\/esprit-sociologie.org\/index.php?rest_route=%2Fwp%2Fv2%2Fcomments&post=3538"}],"version-history":[{"count":24,"href":"https:\/\/esprit-sociologie.org\/index.php?rest_route=\/wp\/v2\/pages\/3538\/revisions"}],"predecessor-version":[{"id":3752,"href":"https:\/\/esprit-sociologie.org\/index.php?rest_route=\/wp\/v2\/pages\/3538\/revisions\/3752"}],"wp:attachment":[{"href":"https:\/\/esprit-sociologie.org\/index.php?rest_route=%2Fwp%2Fv2%2Fmedia&parent=3538"}],"curies":[{"name":"wp","href":"https:\/\/api.w.org\/{rel}","templated":true}]}}

<p></p>



<div class="wp-block-uagb-container uagb-block-809015d7 alignfull uagb-is-root-container"><div class="uagb-container-inner-blocks-wrap">
<div class="wp-block-uagb-container uagb-block-0d0d9a59">
<figure class="wp-block-image size-large is-resized"><img loading="lazy" decoding="async" width="683" height="1024" src="https://esprit-sociologie.org/wp-content/uploads/2022/11/Photo-page-autrice-NB-683x1024.jpg" alt="" class="wp-image-3540" style="width:186px;height:278px" srcset="https://esprit-sociologie.org/wp-content/uploads/2022/11/Photo-page-autrice-NB-683x1024.jpg 683w, https://esprit-sociologie.org/wp-content/uploads/2022/11/Photo-page-autrice-NB-200x300.jpg 200w, https://esprit-sociologie.org/wp-content/uploads/2022/11/Photo-page-autrice-NB-768x1151.jpg 768w, https://esprit-sociologie.org/wp-content/uploads/2022/11/Photo-page-autrice-NB-1025x1536.jpg 1025w, https://esprit-sociologie.org/wp-content/uploads/2022/11/Photo-page-autrice-NB-77x116.jpg 77w, https://esprit-sociologie.org/wp-content/uploads/2022/11/Photo-page-autrice-NB.jpg 1080w" sizes="auto, (max-width: 683px) 100vw, 683px" /></figure>
</div>



<div class="wp-block-uagb-container uagb-block-8281a4ef">
<p>Tania Angeloff, je suis sociologue au croisement du genre, du travail et de l&rsquo;environnement. J&rsquo;ai aussi travaillé de nombreuses années sur la société chinoise contemporaine.<br>Docteure en sociologie, je suis habilitée à diriger des thèses (HDR), diplômée de Sciences-Po Paris et de l&rsquo;Institut des langues orientales. Je suis actuellement Professeure de sociologie à l&rsquo;Université Paris 1-Panthéon Sorbonne (à l&rsquo;Institut de développement de la Sorbonne), chercheure dans l&rsquo;UMR « Développement et sociétés » (Unité mixte de recherche Paris 1-IRD) et chercheure associée au Centre Maurice Halbwachs (ENS-EHESS) où j&rsquo;ai été en délégation CNRS en 2024-2025. Mes thèmes de recherche ont longtemps porté sur le genre et le marché du travail, en France, en Europe et dans le monde chinois ainsi que sur les questions de genre dans le développement. Je fais partie du réseau Marché du travail et genre (MAGE) depuis 1995 et suis membre du comité de rédaction de la revue <em>Travail, genre et sociétés </em>depuis 2001.</p>
</div>
</div></div>



<hr class="wp-block-separator has-alpha-channel-opacity"/>



<div class="wp-block-uagb-container uagb-block-18e33229 alignfull uagb-is-root-container"><div class="uagb-container-inner-blocks-wrap">
<div class="wp-block-uagb-container uagb-block-d54fdd4c">
<p></p>



<figure class="wp-block-image size-large"><img loading="lazy" decoding="async" width="768" height="1024" src="https://esprit-sociologie.org/wp-content/uploads/2024/11/IMG_20241019_161511-sepia-verticale-768x1024.jpg" alt="" class="wp-image-3639" srcset="https://esprit-sociologie.org/wp-content/uploads/2024/11/IMG_20241019_161511-sepia-verticale-768x1024.jpg 768w, https://esprit-sociologie.org/wp-content/uploads/2024/11/IMG_20241019_161511-sepia-verticale-225x300.jpg 225w, https://esprit-sociologie.org/wp-content/uploads/2024/11/IMG_20241019_161511-sepia-verticale-1152x1536.jpg 1152w, https://esprit-sociologie.org/wp-content/uploads/2024/11/IMG_20241019_161511-sepia-verticale-1536x2048.jpg 1536w, https://esprit-sociologie.org/wp-content/uploads/2024/11/IMG_20241019_161511-sepia-verticale-87x116.jpg 87w, https://esprit-sociologie.org/wp-content/uploads/2024/11/IMG_20241019_161511-sepia-verticale-scaled.jpg 1920w" sizes="auto, (max-width: 768px) 100vw, 768px" /></figure>



<p class="has-text-align-center"><sup>Jardin des MétamorphOzes <br><sub>crédit photo Tania Angeloff 2024</sub></sup></p>
</div>



<div class="wp-block-uagb-container uagb-block-014a6c14">
<p>Je me suis tournée récemment vers un nouvel objet de recherche, au croisement d&rsquo;une socio-anthropologie du genre, du travail et du <em>care </em>environnemental. À partir de l&rsquo;étude du travail des chercheurs et des jardiniers et horticulteurs dans des jardins botaniques d&rsquo;Europe, du Costa Rica et d&rsquo;Asie du Sud-Est, j&rsquo;analyse les déplacements des inégalités territoriales, les nouvelles opportunités liées aux politiques de transition environnementales dans un contexte de changement climatique accéléré. Ma recherche concerne la <em>production</em> du jardin du point de vue des concepteurs, des jardiniers, de leurs clients (élites locales et internationales) et sa <em>réception</em> par les visiteurs. Il s&rsquo;agit d&rsquo;une enquête qualitative qui mobilise les outils de l&rsquo;anthropologie visuelle dans une perspective comparative sur trois continents (Europe, Asie, Amérique latine).</p>



<p></p>
</div>
</div></div>



<hr class="wp-block-separator has-alpha-channel-opacity"/>



<div class="wp-block-media-text is-stacked-on-mobile"><figure class="wp-block-media-text__media"><img loading="lazy" decoding="async" width="690" height="1024" src="https://esprit-sociologie.org/wp-content/uploads/2026/03/Tania-dans-les-arbres-690x1024.jpeg" alt="" class="wp-image-3728 size-full" srcset="https://esprit-sociologie.org/wp-content/uploads/2026/03/Tania-dans-les-arbres-690x1024.jpeg 690w, https://esprit-sociologie.org/wp-content/uploads/2026/03/Tania-dans-les-arbres-202x300.jpeg 202w, https://esprit-sociologie.org/wp-content/uploads/2026/03/Tania-dans-les-arbres-768x1140.jpeg 768w, https://esprit-sociologie.org/wp-content/uploads/2026/03/Tania-dans-les-arbres-78x116.jpeg 78w, https://esprit-sociologie.org/wp-content/uploads/2026/03/Tania-dans-les-arbres.jpeg 864w" sizes="auto, (max-width: 690px) 100vw, 690px" /></figure><div class="wp-block-media-text__content">
<p>Par ailleurs, en 2026, je débute un projet collectif ANRS (piloté par l&rsquo;Université de Chiang Mai et de Cergy) intitulé CHEZAP-SEA qui porte sur le Co-développement d&rsquo;approches sensibles au patrimoine pour la prévention de l&rsquo;émergence de zoonoses en Asie du Sud-Est. Ce projet vise à explorer l&rsquo;intégration du patrimoine ordinaire environnemental dans les stratégies One Health pour la prévention des infections respiratoires zoonotiques, au Laos et en Thaïlande.</p>
</div></div>

<p>Tania Angeloff, je suis sociologue au croisement du genre, du travail et de l&rsquo;environnement. J&rsquo;ai aussi travaillé de nombreuses années sur la société chinoise contemporaine.Docteure en sociologie, je suis habilitée à diriger des thèses (HDR), diplômée de Sciences-Po Paris et de l&rsquo;Institut des langues orientales. Je suis actuellement Professeure de sociologie à l&rsquo;Université Paris 1-Panthéon Sorbonne (à l&rsquo;Institut de développement de la Sorbonne), chercheure dans l&rsquo;UMR « Développement et sociétés » (Unité mixte de recherche Paris 1-IRD) et chercheure associée au Centre&hellip;</p>

Tania Angeloff, je suis sociologue au croisement du genre, du travail et de l&rsquo;environnement. J&rsquo;ai aussi travaillé de nombreuses années sur la société chinoise contemporaine.Docteure en sociologie, je suis habilitée à diriger des thèses (HDR), diplômée de Sciences-Po Paris et de l&rsquo;Institut des langues orientales. Je suis actuellement Professeure de sociologie à l&rsquo;Université Paris 1-Panthéon…
